4*r - 6. What is the greatest common divisor of s and r?
19
Let x(w) = 9*w**3 + 5*w**2 + 4*w + 43. Let n be x(7). What is the greatest common divisor of n and 82?
41
Let f be ((-460)/(-805))/(-1 - 1614/(-1610)). Calculate the greatest common divisor of 10 and f.
10
Let x be 148/(-52) - -3 - 1311/(-13). Let k = x - 46. Let i be 2156/10 + (-33)/k. What is the highest common factor of 43 and i?
43
Let t(k) be the first derivative of 11*k**3/3 - 3*k**2 - 2*k + 90. Let o be t(-1). Suppose 7*r = 3*r + 20. What is the highest common divisor of r and o?
5
Let h(f) = f**3 - 21*f**2 - 61*f + 359. Let m be h(23). Let w(j) = 21*j**2 + 3*j + 2. Let i be w(-3). What is the highest common divisor of i and m?
14
Suppose 4*k - 3*k - 20 = 2*q, 0 = 5*q + 15. Suppose -34 = -5*z - k, 3*z = -m + 452. What is the highest common factor of 55 and m?
55
Let u be (2 - (-8)/4) + -3 + 80. Suppose -4*j = 5*j - u. Let f(t) = t**2 + 3*t. Let x be f(-6). What is the greatest common divisor of j and x?
9
Let k be (-1)/(-6) + (-2020)/24. Let r = 18 - k. Suppose 1434 = 46*l - 130. Calculate the greatest common factor of l and r.
34
Let t(s) = -2*s**3 - s**2 + 3*s + 1. Let u be t(-2). Suppose 3*m + 2*i = 1699, i + 429 = m - 139. What is the highest common factor of m and u?
7
Let b be (2 - 0)*1*91. Let l(w) = -w**3 + 68*w**2 - 747*w - 213. Let y be l(54). Calculate the highest common divisor of b and y.
91
Let b(r) = -5*r**2 - 6*r + 17. Let o be b(4). Let n = 107 + o. What is the greatest common factor of 5 and n?
5
Suppose -197*i + 213*i = 6400. What is the greatest common factor of 320 and i?
80
Suppose 11*m = 6*m - 4*k + 9, -5*k - 40 = -4*m. Suppose n + m = 0, -3*n + 435 = 4*s - 830. Calculate the highest common divisor of 20 and s.
20
Suppose 12*s + 790 = 3334. Calculate the greatest common divisor of 32 and s.
4
Suppose -5*d = -7538 + 7483. Suppose 4*x - 240 = 156. What is the highest common factor of x and d?
11
Let p(b) be the third derivative of -11/4*b**4 + 0 + 0*b - 16*b**2 + 5/2*b**3. Let i be p(-4). What is the greatest common factor of 31 and i?
31
Let x = 55 + -55. Suppose x = 4*b + b - 245. Let z be (-2 + 3)*(b + 5). What is the highest common divisor of 18 and z?
18
Let f(k) = -k**3 + k**2 - k + 369. Let n be f(0). Suppose -1354082*l = -1354078*l - 164. Calculate the greatest common factor of l and n.
41
Suppose 0 = -10*y + 5*q + 16135, -4845 = -3*y + 29*q - 26*q. What is the highest common factor of y and 364?
52
Let x be (38/4 - -1)*(-1328)/(-498). Calculate the highest common divisor of x and 357.
7
Let o be ((-18)/(-27))/(2/60). Let r(x) = -5*x - 21. Let g be r(-6). Suppose i - 2*l = g + 29, 2*i - 3*l = 72. What is the greatest common factor of o and i?
10
Let p = 5 + 29. Let w be p/(-6) + (-18)/(-27) - -145. Calculate the highest common divisor of w and 80.
20
Let i(r) = r**2 - 15*r - 30. Let x = -50 - -67. Let w be i(x). Let n(m) = 3*m**3 + m**2. Let p be n(1). Calculate the greatest common factor of w and p.
4
Suppose 5*t - 2*w - 42 = 0, -56*w + 3 = -59*w. What is the greatest common factor of 29384 and t?
8
Let a be (12/10)/((-3)/(-15)). Suppose -6*q = 4*p - 2*q - 2676, -2691 = -4*p + q. Suppose 7*d = -9*d + p. Calculate the greatest common divisor of d and a.
6
Suppose 2*w + 177 = 5*w. Let p = 66 - w. Suppose p*o - 48 = 4*o. What is the greatest common divisor of o and 8?
8
Let t(x) = -x**3 - 7*x**2 - 8*x + 12. Let q be t(-5). Suppose 4*v - 41 - 41 = -z, -5*z - q*v + 446 = 0. What is the greatest common factor of z and 10?
10
Let f be 25251/1197 + ((-122)/(-42) - 3). What is the greatest common divisor of 679 and f?
7
Suppose -2*i + 4*r = 3*r - 27, -4*i - 2*r + 42 = 0. Suppose -i*q + 427 + 41 = 0. Calculate the greatest common factor of q and 312.
39
Suppose 0*s + 5*s = 0. Let i be ((-384)/(-60))/16 + (-38)/(-5). Suppose s*t = -i*t + 64. What is the highest common factor of t and 32?
8
Suppose -3*s + 5*y + 85 = 0, -2*s + 24 = 3*y - 1. Suppose 282 = 75*f - 28*f. Calculate the greatest common factor of f and s.
2
Let i(p) = -p**2 + 39*p + 289. Let k be i(-7). Let r(w) = -35*w - 56. Let q be r(k). Calculate the highest common divisor of 7 and q.
7
Let j(o) = -2*o + 82. Let n be j(35). Calculate the highest common factor of n and 186.
6
Suppose 105 + 495 = 50*t. What is the highest common divisor of t and 972?
12
Let m be (2 + -2)/(0 + 1). Let d be m + 1 - 10*-1. Suppose -2164*q + 45487 = 203*q - 136772. Calculate the greatest common factor of d and q.
11
Let x(q) = q**3 + 14*q**2 + 16*q + 48. Let i be x(-13). Suppose i*b - 33 = 3. Calculate the greatest common divisor of 16 and b.
4
Let f be 86 - (-1*3)/(-22 + (-1001)/(-44)). What is the highest common divisor of f and 27630?
90
Let t(n) = -163*n + 5140. Let u be t(30). Let g(d) = -2*d - 6. Let y be g(-8). Calculate the highest common factor of y and u.
10
Let p(s) = s**2 + 29*s - 408. Let d be p(-46). What is the greatest common divisor of 22 and d?
22
Suppose t = 2 + 15. Suppose 5*m - 2*f = t, -4*m = -3*f - 7 - 8. Let l(n) = 2*n**2 + 4*n - 3. Let x be l(3). What is the greatest common factor of m and x?
3
Let u = -1 - -47. Suppose -5*p + 9*g + 700 = 11*g, 2*g = 10. Calculate the highest common divisor of u and p.
46
Let j = 7 - -24. Let s be 84/(-35)*155/(-2). Suppose 229*r + s = 235*r. Calculate the highest common factor of j and r.
31
Let p = 35 + -7. Let y = 11 + p. Let r be y/(-18)*-8*6. Calculate the highest common factor of 13 and r.
13
Suppose 4*c - 24 = -4*i, 5*i - 8 - 16 = -2*c. Suppose n + 4*u - 2*u = 92, 0 = 5*n - c*u - 448. What is the greatest common divisor of 315 and n?
45
Let r be 3 + (-26 + 2)/4 - -122. Let x = 124 - r. Suppose 0*t = t - 2, -x*p = 5*t - 385. What is the highest common divisor of 50 and p?
25
Let w be (-17)/(1 - 2 - 0). Let v(p) = -p**3 + 16*p**2 + 22*p + 9. Let i be v(w). Suppose -2*l - 30 = -i. What is the greatest common divisor of 4 and l?
4
Let c = 353 - 213. Calculate the highest common divisor of c and 105.
35
Let t = 34481 + -33571. What is the highest common divisor of 1040 and t?
130
Suppose -3*t + 597 = -1236. Let y(q) = q**3 - 12*q**2 + 13*q + 25. Let n be y(11). What is the highest common factor of t and n?
47
Let v be (18/15)/(3 + (-2245)/750). What is the greatest common divisor of 7740 and v?
180
Let h(b) = 2*b - 1. Let c(u) = -u**2 + 8*u + 10. Let s(v) = -c(v) + 5*h(v). Let z be s(-7). What is the highest common divisor of 380 and z?
20
Suppose 3*v - w - 2*w - 51 = 0, -5*w = 25. Suppose 19*m = 16*m + v. Suppose 3*g + 1 = m. Calculate the greatest common factor of 4 and g.
1
Suppose 4*l + 1144 = -5*c - 1192, 5*l = 4*c - 2879. Let f = l + 589. What is the highest common divisor of 165 and f?
5
Let r = 7956 - 7404. What is the greatest common divisor of 156 and r?
12
Let f be 532/20 + 2/5. Let c = -255 - -255. Suppose 5*i = 15, w + 5*i - 42 = -c*w. What is the highest common divisor of w and f?
27
Suppose -12*i - i + 237 = 55. Calculate the greatest common factor of 31934 and i.
14
Suppose 542 = 7*n + 164. Suppose f = 5*i - n, 2*i + 2*i + 4*f - 48 = 0. What is the highest common factor of 88 and i?
11
Let w(k) = 169*k + 130. Let z be w(5). What is the highest common factor of 25 and z?
25
Let j(b) = b + 10. Let u be j(-5). Suppose u*n = 4*n + 4*v + 5, 0 = 3*n + v - 15. What is the greatest common factor of n and 10?
5
Suppose 0 = 3*l - 4*g - 1035, 4*g = l - 342 - 11. Calculate the greatest common factor of l and 22.
11
Suppose 0 = 170*h - 166*h - 92. Let p(i) = -23*i**3 - i**2 - 2*i - 1. Let c be p(-1). Calculate the highest common divisor of c and h.
23
Suppose 481129 = 862*g - 126581. Let f = -58 + 88. Calculate the highest common divisor of g and f.
15
Let g(d) = d**3 + 4*d**2 - 11*d + 10. Let y be g(-6). Suppose v - y*z - 11 = 0, -3*v = -v - z - 57. What is the highest common factor of 217 and v?
31
Let j(b) = 50*b**2 - 126*b + 252. Let c be j(2). What is the greatest common divisor of 2120 and c?
40
Suppose -3*c = 0, 3*a - 2*c - 54 = -0*a. Let z = a + -7. Suppose 2*j - 39 + z = 0. What is the highest common factor of j and 7?
7
Let s = 78 + -51. Let y be (165/22)/(-2 + (-20)/(-8)). What is the greatest common factor of s and y?
3
Let a(b) = 30*b - 46. Let k be a(32). Let q = k + -506. Let i = -42 + 93. Calculate the greatest common divisor of i and q